)/(2/(-12)). Suppose -5*a = 2*x - d, -4*x + 5*x - v = -3*a. What is the units digit of a?
4
Let g(l) be the third derivative of -l**6/12 + l**5/60 + l**4/24 + l**3/6 + 8*l**2. Let m(w) = w**3 - w - 1. Let b be m(0). What is the tens digit of g(b)?
1
Suppose 5*r - 7 - 3 = 0. Suppose 0*g = -2*x + g, 16 = 4*x + r*g. Let c = x - 1. What is the units digit of c?
1
Suppose 5*s + 0 = 5*x + 20, -s + 13 = -4*x. Let r = s - -5. Let u = r - 3. What is the units digit of u?
3
What is the hundreds digit of (-3378)/(-15) - 2/10?
2
Let s(y) = 2*y**3 + y**2 - 1. Let b be s(1). Suppose 8 + 3 = -h + w, -5*w = -b*h - 37. What is the units digit of (-45)/(-6) + 3/h?
7
Let c(i) = -i**3 + 11*i**2 - 7*i - 3. What is the units digit of c(10)?
7
Let x(d) = -5*d + 7. Let k = -9 + 3. What is the tens digit of x(k)?
3
Let o(d) = -d**2 + 5*d + 5. Let g be o(6). Let l(b) = -12*b. Let i be l(g). Suppose -5*k = i - 42. What is the units digit of k?
6
Let q = 3 - -3. Let o = 0 + 1. Suppose q = r - o. What is the units digit of r?
7
Let g(b) = -2*b - 9. Let u be g(-6). Suppose -u*a + 8 = -7. Suppose 5*x - 5*z - 35 = 0, -31 = -a*x + z + 2*z. What is the units digit of x?
5
Let v(k) be the second derivative of k**3/6 + 23*k**2/2 + k. What is the tens digit of v(0)?
2
Suppose 98 = 5*y - 22. Suppose -5*m = -y - 21. What is the units digit of m?
9
Suppose 2*d = -0*d + 12. What is the tens digit of 124/d - 4/6?
2
What is the tens digit of ((-24)/(-32))/((-1)/(-340)) - -3?
5
Let c(a) be the third derivative of a**5/60 + a**4/8 - a**3/6 - 3*a**2. What is the tens digit of c(-7)?
2
Let h(w) = w - 4. Let v be h(10). Let p = v - 1. What is the units digit of p?
5
Suppose -g = 3*s - 5 + 2, -5 = 2*s + 3*g. Suppose s*i + 48 = 5*k, -3*k = -0*i - 3*i - 36. What is the units digit of k?
8
What is the units digit of 66/15 + 6/10?
5
Let r(n) = n**3 + 8*n**2 + 7*n + 9. Let l be r(-7). What is the units digit of 45/l + 0 + -1?
4
Let l(q) be the first derivative of -q**3/3 - 6*q**2 - 7*q + 1. Let p be l(-8). Let g = p - 10. What is the units digit of g?
5
Let y(p) = 10*p - 10. Let r be y(-5). Let b = r + 90. What is the units digit of b?
0
Let w = -2 - -8. Let p(m) = m - 10. Let y(j) = 1. Let s(c) = w*y(c) + p(c). What is the units digit of s(7)?
3
Suppose 0 = q - 0*n + 4*n - 25, -q + n = 0. Suppose y = 5*a + 15, q*y - a = 3*a + 12. Suppose 5*u - 2*k = y, -3*k + 5*k - 2 = 4*u. What is the units digit of u?
2
Let g(h) = 8*h + 25. What is the units digit of g(-3)?
1
Let n be 12/28 - 6/14. Let t be (n + 3)/(3/27). Let j = t + -13. What is the tens digit of j?
1
Suppose 6 = -3*x, 0*x = -5*y + 5*x + 250. What is the tens digit of y?
4
Suppose 63 = 9*s - 8*s. What is the tens digit of s?
6
Let f be -3*(3/9 - 1). Let x(u) = u**3 + 3*u**2 - 4*u + 3. What is the units digit of x(f)?
5
Let r be 0 + (-1)/(1/(-4)). Suppose -12 = -15*c + 11*c. Suppose 4*f + c*k - 3 = 0, -5*k + k = r*f. What is the units digit of f?
3
Let o = 0 + 2. Suppose o*w - 3 = -11. Let n = 11 + w. What is the units digit of n?
7
Let d(a) = a**2 + 2*a + 1. Let z be d(-1). Let c = 9 - z. What is the units digit of c?
9
Suppose -3*g - 2*g = -55. What is the units digit of g?
1
Suppose 4 = -q + 3*q, -4*q = -4*c + 784. What is the units digit of c?
8
Suppose 0*s = -2*s + 4. Suppose -s*f + 72 = 20. What is the tens digit of f?
2
Let j be (-2)/(420/(-207) - -2). Suppose 0 = 4*p - 5*n - 28, -2*p - 5*n = -n + 12. What is the units digit of j/12 - p/(-8)?
6
Let l(z) be the first derivative of -z**3/3 + 2*z**2 + 4*z + 1. Let g be l(4). Suppose 0 = -j - 5*c - 0*c - 16, -3*j + g = 2*c. What is the units digit of j?
4
Suppose 3*l - 7*l + 32 = 0. Suppose -2*t + 41 = -3*g, -3*t - 135 = -l*t + g. Suppose -3*k - 2*j + 24 = -t, 4*k - 74 = -5*j. What is the tens digit of k?
1
What is the tens digit of (-1)/3 - (-170)/6?
2
Let h(u) be the first derivative of -4*u**2 - u - 1 - 5*u + 5*u**2. What is the units digit of h(5)?
4
Suppose -2*j - 13 + 211 = 0. Suppose 5*o - 3*u = j, o + 3*u - 4 - 5 = 0. What is the units digit of o?
8
Let r(q) = q**2 - q. Let j be r(3). Let v(d) = d**3 - 4*d**2 - 6*d - 6. What is the tens digit of v(j)?
3
Let n(q) = q + 2. What is the units digit of n(7)?
9
Let x = 1 - -5. Let s be 18/x - (0 + -2). Let i = 6 - s. What is the units digit of i?
1
Let r(g) = g**2 + 2*g + 3. Let p be r(-2). Suppose p*d - 3*a = 2*a + 61, -2*d = 5*a - 24. What is the tens digit of d?
1
Let q be (-3 + (1 - 1))/1. Let z(y) = -6*y - 1. Let j be z(-1). Let x = j + q. What is the units digit of x?
2
Suppose -p = -3*p - v + 7, v = -4*p + 15. Suppose -b - 9 = p*i - 64, 5*b + 19 = i. What is the units digit of i?
4
Let j(g) = 365*g**2 + 6*g + 5. What is the tens digit of j(-1)?
6
Let b(a) = 2*a**2 - 4. Let z(g) = -3*g**2. Let x be z(1). What is the units digit of b(x)?
4
Suppose 0 = -0*j - 4*j + 64. What is the tens digit of (j + 0)*(-2 + 3)?
1
Let i(x) = 2*x**2 - x - 1. Let p = -6 + 5. Let t be i(p). Suppose -2*h - t*h = -24. What is the units digit of h?
6
What is the units digit of ((-52)/(-6))/(10/30)?
6
Let s(m) = 7*m**2 + 4. Let j(g) = 8*g**2 + g + 5. Let q(b) = b + 3. Let p be q(3). Let w(r) = p*j(r) - 7*s(r). What is the units digit of w(6)?
2
Suppose -2*l - 3*l = -180. What is the units digit of l?
6
Suppose 11*c + c - 2052 = 0. What is the hundreds digit of c?
1
Suppose 0 = -5*q + 2*q + 81. What is the tens digit of q?
2
Let y be (-40)/18 + 6/27. Let t be 1 + y*1 + 6. Suppose -5*w + 23 = 2*z, -3*z - 6 + 3 = -t*w. What is the units digit of z?
4
Let n = -1 - -5. What is the tens digit of 57/n + (-2)/8?
1
What is the tens digit of ((-178)/(-4))/((-3)/(-24)*4)?
8
Let b = 13 - 10. What is the units digit of b?
3
Suppose -4 = -5*m + 6. Suppose -m*p = p + 15. Let h = 11 + p. What is the units digit of h?
6
What is the tens digit of 4*11/(11/10)?
4
Let h(l) = 3*l + 13. Let f(w) = -w + 1. Let c(o) = 2*f(o) + h(o). What is the units digit of c(-7)?
8
What is the hundreds digit of -25 + 157 - 1/((-2)/8)?
1
Suppose j + 45 = 4*j. Let p = -4 + -1. Let q = p + j. What is the tens digit of q?
1
Let o be 1*(-3)/((-6)/(-22)). Let n = -3 - o. Suppose 5*j - n = 17. What is the units digit of j?
5
Let s = 16 - -6. Suppose 2*y - s = 38. What is the tens digit of y?
3
Suppose 22 + 94 = 4*s. Let k = s - 15. Suppose 3*f - f - k = 0. What is the units digit of f?
7
Suppose 4*s = -s - 45. Let g(r) = -r**2 - 9*r + 1. Let t be g(s). What is the units digit of -6*-2*t/2?
6
Let b(l) = l + 4*l**2 - 1 - 1 + 3. Let s(o) = -9*o**2 - 2*o - 1. Let c(g) = 7*b(g) + 3*s(g). What is the units digit of c(0)?
4
Suppose 5*b - 16 = 24. Suppose 5 = -o + 2. Let v = b + o. What is the units digit of v?
5
Let v(o) = -5*o - 1. Let t(m) = -m**3 + 6*m**2 - 2*m + 9. Let u be t(6). Let n be v(u). Suppose -n = -3*q + 7. What is the units digit of q?
7
Let l be 2/3 - 8/3. Let s = -5 - l. What is the units digit of ((-4)/6)/(2/s)?
1
Let h(k) = 9*k + 28. What is the units digit of h(8)?
0
Let c = 7 - 6. Suppose 4*h = 3*p - 11, -2*p + 2*h - c + 7 = 0. What is the units digit of p?
1
Let x be 21/(-3)*1 - -1. Let p be 15/2*(-4)/x. Suppose -u + 7 = -3*l + 21, 3*l - p*u = 22. What is the units digit of l?
4
Let w(i) = -i**2 + 7*i - 7. Let q be w(5). Let m = q - 10. Let b(j) = -j**2 - 10*j - 9. What is the tens digit of b(m)?
1
Let w be (-4)/(-6) + 8/(-3). Let j = 16 - w. Let b = j + -9. What is the units digit of b?
9
Suppose 2*t = 3*j - 48, -3*j + 3*t = -0*t - 48. Let h = j + -3. What is the tens digit of h?
1
Let w(t) = 50*t**2 + 3*t + 5. What is the units digit of w(-2)?
9
Suppose -i + 4 + 0 = 0. Let z be (-2)/(-3) - 242/(-6). Suppose -5 = -u, 5*u = -i*c + 4*u + z. What is the units digit of c?
9
Let z(l) = -11*l + 7. Let o be z(-8). Suppose 5*d - o = -0*d. What is the tens digit of d?
1
Suppose -3*b = -b + 8. What is the units digit of (-25)/(-4) - 3/b?
7
Let o = 0 - 2. Let x = o + 3. What is the units digit of x?
1
Suppose -5*q + 27 + 58 = 0. What is the tens digit of q?
1
Let g = -252 + 374. What is the hundreds digit of g?
1
Let n = 0 + 0. Let a be (2/(-6))/((-1)/9). Let y = a - n. What is the units digit of y?
3
Let r = 58 + -11. What is the tens digit of r?
4
Suppose 4*q = 73 + 31. Suppose a + 2 = 0, -6*x = -3*x + 5*a - q. What is the tens digit of x?
1
Suppose 0 = -5*f + 20, 0*i - f = i - 6. What is 